reatest common divisor of i and 540.
90
Let n(t) = -t**3 + 6*t**2 + 9*t - 2. Let j be n(7). Suppose 12*m + j = 15*m. Calculate the highest common divisor of 108 and m.
4
Let p(f) = 8*f**2 - 36*f + 233. Let m(v) = -5*v**2 + 18*v - 117. Let h(z) = -5*m(z) - 3*p(z). Let a be h(5). Calculate the greatest common factor of 1 and a.
1
Suppose r + 2*r - 4*b - 2459 = 0, 0 = -3*b + 12. Suppose 7*d - 36 = r. What is the highest common divisor of d and 41?
41
Let h be ((-10 - 300/(-18)) + -8)/((-4)/6). What is the greatest common divisor of 3109 and h?
1
Suppose -3*l = -7*l. Suppose 8*b - 16 + 0 = l. Suppose -338 = -3*v + p, 110 = v - p + b*p. Calculate the highest common divisor of v and 28.
28
Let v = 21 - 17. Suppose -8*s + 905 = -v*s - 5*u, u - 674 = -3*s. Calculate the highest common factor of 9 and s.
9
Let u(q) = -35*q - 240. Suppose 70 - 84 = o. Let s be u(o). What is the greatest common divisor of s and 100?
50
Let q(w) = w**3 + 81*w**2 - 168*w - 131. Let i be q(-83). Calculate the highest common divisor of 1115 and i.
5
Let h(a) = -a**2 + 10*a - 3. Suppose -2*v - 3*g = -v - 96, -v + 5*g + 64 = 0. Let f = -78 + v. Let b be h(f). Calculate the highest common divisor of 63 and b.
21
Let b = 53 - 101. Let t be (85/(-51))/(2/b). Let k(o) = 5*o**2 + 5*o. Let q be k(-5). Calculate the highest common factor of t and q.
20
Suppose 3*h - 1659 = -5*m, -43*h + 44*h + 1015 = 3*m. Calculate the greatest common divisor of m and 4116.
84
Let d = -6600 - -6636. Let h be 6/15 - 428/(-5). Suppose 5*m - h = 94. Calculate the greatest common factor of d and m.
36
Suppose -4*c - 3*r = 23, 2*c + 24 = r - 5*r. Let y be 6*c/(2/(-1)). Let b be 1 + 217 - (8 - y). What is the greatest common factor of 24 and b?
24
Let m(v) = -15307*v + 9 + 15307*v + 12*v**2. Let r be m(-2). What is the highest common factor of r and 3?
3
Let w(t) = 96*t - 1800. Let n be w(20). What is the highest common factor of n and 375?
15
Suppose 2*q = 6, -k = -5*q + 7 - 0. Suppose 5*s = 2*z - 13 - 3, 2*s + 2*z + 12 = 0. Let g be 5/(s/8 + 3). What is the greatest common divisor of g and k?
2
Suppose 0 = -0*w + 12*w - 84. Let d be (-1)/4 + 444/(-16). Let g be (-1)/((d/40)/w). What is the highest common divisor of 10 and g?
10
Suppose 0 = -6*i + 4*i + 698 + 526. What is the highest common factor of i and 144?
36
Let j = -741 + 720. Let u be (9/6)/(j/(-1792) + 0). Calculate the highest common factor of 4 and u.
4
Let d = 777 + 283. Calculate the greatest common factor of 40 and d.
20
Suppose 61594 = 28*i + 49946. Calculate the highest common divisor of 6448 and i.
208
Suppose 44 - 47 - 57 = -6*v. What is the highest common divisor of v and 454?
2
Let k = 659 - 655. Suppose 0 = -3*z + 2*b + 239, 4*b = k*z - 3*z - 93. What is the highest common factor of z and 110?
11
Suppose -172 - 176 = -27*k + 84. Calculate the greatest common divisor of 428 and k.
4
Let b = 77 + -77. Suppose b = 5*d - m - 18, -4*m = -5*m + 2. Let z be (36/3)/(-3) - (d + -49). What is the highest common factor of 123 and z?
41
Let b = -21547 + 22417. What is the greatest common divisor of b and 6438?
174
Suppose 54 = 3*b - 2*t, 2*b - 5*t - 35 = -10. Let s be (b + -23)*(-138)/9. Calculate the highest common divisor of s and 253.
23
Let a be (-2 + -3 + -809)*(-253)/46. Calculate the highest common divisor of 121 and a.
121
Suppose -2601 + 3465 = 72*g. What is the greatest common factor of 2298 and g?
6
Suppose -4*v - 5*i + 692 = 0, -2*i = 5*v - 793 - 72. Calculate the greatest common divisor of 5 and v.
1
Let s(n) = 4*n + 88 - 249*n**3 + 250*n**3 - 2*n - 4*n**2 - 37*n**2. Let m be s(41). What is the highest common divisor of m and 306?
34
Let r(l) = l**3 - 4*l**2 + 6*l - 13. Let y be r(5). Let k = 147 - 93. Calculate the greatest common factor of k and y.
6
Let d = -20 + 24. Suppose -4*q = -4*c - 56, -3*q + 34 = -d*c - c. Suppose -27 = -k - 18. What is the highest common divisor of k and q?
9
Let n(o) = o**2 + 203*o - 2060. Let h be n(10). What is the greatest common factor of h and 98?
14
Let a be 8 + -5 + 0 - (101 - 2). Let h = -28 - a. Suppose 82 = 10*r - h. What is the highest common factor of r and 20?
5
Let t be (-168)/(4/(-2)) - (5 + -6). Suppose 0*s + 3*s = -2*l + 69, 2*s = 4*l + 30. Suppose 0 = 5*r - 64 - s. Calculate the greatest common divisor of t and r.
17
Suppose x + 18 = -2*p - 33, -5*x + 5 = 0. Let g be (4/(-8))/1*-98. Let u = g + p. Calculate the greatest common divisor of u and 207.
23
Let j(p) be the first derivative of p**2 + 180*p - 7. Let b be j(0). Let x = 748 - 712. What is the greatest common factor of x and b?
36
Let m(r) = 0*r**2 + 111 - 104 + 16*r - 2*r**2. Let l be m(7). Let c = l - 3. Calculate the highest common divisor of 9 and c.
9
Let g = 2247 - 2225. Suppose h - 16 = 2*r, 8 = 3*h + 2*r - 56. Let n = -18 + h. What is the highest common divisor of n and g?
2
Let o = 9443 + -9432. Suppose d = 5*w - 2*w - 843, 3*w = 4*d + 843. Let y = w + -182. What is the highest common factor of y and o?
11
Suppose -74*h - 114*h = -288392. Calculate the greatest common factor of h and 78.
26
Let g(c) = 76*c**2 - 8*c + 202. Let i be g(8). Calculate the highest common divisor of i and 244.
122
Suppose -1596 = -0*t - 38*t. Calculate the greatest common divisor of t and 6258.
42
Suppose -1606 = -73*j - 5*q + 1475, -2*q + 174 = 4*j. Let l = 101 + -45. Calculate the highest common factor of j and l.
14
Let n be 14/8 + -4 + (-15)/(-60). Let u be (3 - 2)/((-2)/8). Let f be 15 + n - 2*(u + 5). What is the greatest common divisor of 77 and f?
11
Let h be (82 + -79)/(3/22). What is the highest common divisor of 957 and h?
11
Suppose -r - 4 = 4*o, -9 = -4*o - 5*r - 45. Let k = -5 - -7. Let b = 9 - k. What is the highest common factor of b and o?
1
Let b(f) = -2*f**2 - 38*f + 144. Let h be b(-22). Let k(w) = 3*w**2 - 26*w - 74. Let s be k(h). What is the highest common factor of 92 and s?
46
Let x be (5*-1 + -22 + 22)*-33. Let q = -9 - -119. What is the greatest common divisor of x and q?
55
Suppose 7*f = 2*f + 3*s + 284, -f + 46 = 3*s. Let l = 61 - f. Let t be (-8)/6*(-1 + -35). Calculate the highest common divisor of l and t.
6
Suppose -3*x + 140 = 5*r - 5*x, -112 = -4*r + x. Let q = 451 - 583. Let f = 136 + q. What is the greatest common factor of f and r?
4
Suppose -4*v = 3*x - 91, -5*v + 5*x + 113 = 43. Let h = 9949 + -9778. Calculate the greatest common divisor of h and v.
19
Suppose -378 = -29*r + 1246. Let z(u) = u**3 - 3*u**2 - u + 7. Let a be z(7). Calculate the greatest common divisor of a and r.
28
Suppose m - 79 = 2*g, -19*g = -17*g + 4. Calculate the highest common divisor of m and 2425.
25
Let s be 2/(1 + -9) + 3/12. Suppose s = -0*i - 6*i + 18. Suppose -i*u + 414 = -4*d + d, 0 = u - 2*d - 141. What is the highest common factor of u and 54?
27
Let d be 16*1 - (-8 - -12). Suppose 3*r - 2*r - 4*z = 23, -r = 3*z + 12. Calculate the highest common factor of d and r.
3
Let p(s) = 457*s + 6872. Let y be p(-15). Calculate the greatest common divisor of 8 and y.
1
Let q be 27/(-90)*10/(-12)*12. Let t be (22 + -1 + q)*4/8. Let r be (-11)/(-3) + 4/t. What is the highest common divisor of r and 4?
4
Suppose -14*x + 267 + 167 = 0. Suppose -o - x = -2*q + 4*o, -3*q + 4*o = -36. What is the greatest common divisor of q and 104?
8
Let o be (-177)/(0 - (-6)/(-4)). Calculate the greatest common divisor of 2006 and o.
118
Let u = -2503 + 2545. Calculate the greatest common divisor of 408 and u.
6
Let v(z) = -20*z - 2. Let q be v(-5). Suppose -14*m + 222 = -8*m. Suppose 15*x = m + 173. What is the highest common divisor of q and x?
14
Let q be ((-6)/4 + -2)/((-33)/(-66)). Let s be q + 52/1 + 3. Calculate the greatest common divisor of 60 and s.
12
Let y = -6300 + 6708. What is the greatest common divisor of y and 2550?
102
Suppose 346 + 902 = 24*r. What is the highest common divisor of 20 and r?
4
Let s be (-1)/2 + 3/(-6). Let d be (-3 + 2)/(s/6). Let o be 73 - ((-7 - -18) + -4). What is the greatest common factor of o and d?
6
Let c be 1/(-7) + ((-24520)/(-35))/4. Let h = 189 - c. Calculate the greatest common factor of 14 and h.
14
Let c(j) be the third derivative of -j**6/4 - j**5/15 - j**4/12 + j**3 + 86*j**2. Let l be c(-2). Calculate the highest common divisor of l and 36.
18
Suppose 5*h + 220 = -5*b, 2*h + 4*b = 30 - 108. Let z